1. What is the units digit of (1/2*-1)/(g/(-90))?
5
Suppose 575 = -x + 2*o, 5*x + 2*o - 624 = -3523. Let i = x - -646. What is the tens digit of i?
6
Let q(r) = -4*r**2 + r + 377. What is the tens digit of q(0)?
7
Let s(i) = 3*i**3 - 261*i**2 - 301*i - 359. What is the units digit of s(89)?
8
Let x be (144/(-16))/((-4)/((-48)/(-9))). What is the units digit of (1914/x)/(4/8)?
9
Let i(q) = q**3 - 3*q**2 + 3*q + 1. Let m be i(-4). Let b = m + 477. Suppose 15*f = 18*f - b. What is the units digit of f?
8
Let z(p) = 2*p + 2. Let t = -34 - -34. Let a be z(t). Suppose 0 = l - a*l - 3*b + 24, 0 = -4*b - 8. What is the tens digit of l?
3
Let l = 4177 + -4048. What is the hundreds digit of l?
1
Suppose -210852 = -4*k + 4*n, 2*k = 4*n - 0*n + 105418. What is the tens digit of k?
1
Suppose 10*q = 7*q + 1011. Let p = 389 + q. What is the units digit of p?
6
Let k(i) = 19*i - 28. Let b = -82 - -11. Let q be b/(-7) - (-13)/(-91). What is the hundreds digit of k(q)?
1
What is the hundreds digit of (-8)/36 + (-218)/(9*1/(-100))?
4
Suppose -4*n + 130181 = h, -3*n + 3*h = 8*h - 97606. What is the hundreds digit of n?
5
Let x(n) = -n**3 - 11*n**2 + 10*n + 2. Let j = 8 + -21. Let c be x(j). Suppose 4*h + c = 5*y - h, 0 = -3*h. What is the units digit of y?
2
Let d(m) = 5 - 3*m**3 + 8 + 5736*m**2 + 10*m - 5743*m**2. What is the tens digit of d(-6)?
4
Let f(z) = -1510*z - 2847. What is the units digit of f(-36)?
3
Let s(p) = p**2 + 12*p + 35. Let c be s(-5). Suppose 2*z + 4*f - 1502 = c, -1780 = -5*z + 4*f + 2045. What is the tens digit of (0 - z/(-6)) + (-2)/(-12)?
2
Let r(u) = u**2 - 9*u - 1057. What is the units digit of r(71)?
5
Let q = 157 - 146. Let a(j) = -2*j**3 + 22*j**2 + 3*j + 7. What is the units digit of a(q)?
0
What is the tens digit of (-2)/(-3) - 48117/(-36) - (-58)/(-232)?
3
Suppose 41*m + 4*m = 6*m + 382824. What is the tens digit of m?
1
Let i = -1836 - -2964. What is the tens digit of i?
2
Suppose -2*d - 10 = 0, -16*h + 5*d + 48949 = -12*h. What is the thousands digit of h?
2
What is the units digit of -5*(-2 - (-5 - -2)) - -10086?
1
Let c = 6279 + -1679. Let r be c/12 + 4/6. What is the tens digit of (r/5)/((-15)/(-50))?
5
Let r(k) = 4043*k + 2831. What is the ten thousands digit of r(5)?
2
Let o be (-5)/45 + (-10074)/(-27). Suppose -443 = -8*l + o. Let g = l - 39. What is the units digit of g?
3
Suppose -642 = -4*i + 182. Suppose -33*m + i = -31*m. What is the hundreds digit of m?
1
Let v = -18 - -64. Let s = v - -264. What is the tens digit of s?
1
Let s be ((-6)/4)/(6/(-16)). Suppose -s*o = -3*o - 353. Let x = -147 + o. What is the hundreds digit of x?
2
Let x be 1*(15 + 4 + -2). Suppose x*r - 2473 = 19865. What is the hundreds digit of r?
3
Let l(d) = -95*d**3 + 13*d**2 + 9*d + 1. What is the units digit of l(-5)?
6
Let t(i) = 22 + 24 + 27*i + 10*i + 35*i. What is the units digit of t(6)?
8
Let h = 3 + -6. Let b(u) = -u**2 + 245 - 2*u**3 - 4*u - 5*u**3 - 247 + 4*u**3 + u**3. What is the tens digit of b(h)?
5
Let g = -48806 - -110358. What is the ten thousands digit of g?
6
Let l be ((-68)/5)/(4/(-100)*5). Suppose 4*c + 4 = 0, 5*i + 5*c + 37 + 23 = 0. Let r = i + l. What is the units digit of r?
7
Let o(j) = 7692*j**2 - 35*j - 33. What is the units digit of o(-1)?
4
Suppose 3*b + 2270 = -m, 4602 + 2240 = -3*m - b. Let u be (-22)/209 - m/19. Suppose -d + 3*d - 4*r - u = 0, d = -2*r + 80. What is the units digit of d?
0
Suppose 0 = -l + 4*s + 16285, 2*l - 41770 = -3*s - 9233. What is the ten thousands digit of l?
1
Let l(s) = 292*s**2 - 133*s - 1717. What is the units digit of l(-12)?
7
Suppose -h + 4*h = -2*p - 85, -5*p + 50 = -3*h. What is the tens digit of (-6 - 8940/h) + (-2)/(-5)?
5
Suppose 882*r + 383432 = 938*r. What is the tens digit of r?
4
Let n(b) = 166*b + 37. Let o be (21/(-4))/(66/(-88)). What is the hundreds digit of n(o)?
1
Let z = 1907 + -1176. Suppose 8*g + z = 3547. What is the units digit of g?
2
Suppose -2*a - 7 = -13. Suppose -a*v = 5*b - 280, 7*b = -4*v + 3*b + 360. What is the units digit of v?
5
Let k be ((-9)/6)/((-1)/(-74)). Let g = -53 - k. Suppose 0 = x - u - 51, 5*x - g = -3*u + 229. What is the units digit of x?
5
Let h(k) = -117*k - 13. Let p be (15/30)/((-15)/(-18) - 1). What is the tens digit of h(p)?
3
Suppose 0 = -92*i + 2486053 - 707049. What is the tens digit of i?
3
Suppose -5*b = 2*j - 32, 0 = 16*j - 19*j - 2*b + 48. Suppose j*r - 754 = 15*r. What is the tens digit of r?
5
Let a be (2/(-4) + 0)*3*-486. Let k = a + -337. What is the units digit of k?
2
Let d = -13 + 15. Suppose -4*i - 762 = d*i. Let v = -24 - i. What is the tens digit of v?
0
Let i(q) = -303*q - 115. Let k be i(-3). Suppose 2*r + 262 = 4*v + k, 5*r - 1386 = -4*v. What is the tens digit of r?
7
Let j be (-1*(-13 + 4))/3. Let q be -11 + -13 + (-10)/(-2). Let n = j - q. What is the tens digit of n?
2
Let i(c) = -c**2 + 41*c + 129. Let h be i(44). Let x(g) = 125*g**2 - 3*g - 18. What is the units digit of x(h)?
6
Let l(p) = 7*p**3 + 4*p**2 + 4*p + 3. Let f be -5 + 1 + (19 - 11). What is the hundreds digit of l(f)?
5
Suppose -13*k = -18*k + 49644 + 57831. What is the hundreds digit of k?
4
Let n be (-25)/(-15) - 1708/(-3). What is the units digit of n - (-1 + (3 - 1))?
0
Let r(t) = -t**3 + 30*t**2 + 28*t + 96. Let o be r(31). Suppose o*b - 4*i + i = 3213, 3*i + 6 = 0. What is the tens digit of b?
6
Let g be 4*-1*14/(-8). Suppose 0 = g*l - 1772 - 377. What is the tens digit of l?
0
Suppose 3*c - 3 = -4*q + 8*c, 0 = 2*q - 4*c. Suppose 2*b + 4*z - 276 = -90, -2 = -q*z. What is the units digit of b?
1
Let r(a) = -2*a**3 + 22*a + 42. Let v(z) = z**3 - 11*z - 21. Let k(g) = -4*r(g) - 7*v(g). What is the tens digit of k(7)?
4
Let q be 1/((-10)/(-75)*10 + -1). What is the hundreds digit of 9340/25 + q/(-5)?
3
Suppose -8*z + 58*z - 228096 = 6*z. What is the thousands digit of z?
5
Let j(k) = -109*k - 33. Let b be j(-6). Let c = b - 378. What is the hundreds digit of c?
2
Let r be -1 - (-1 - -1) - -12. Suppose -2*s + 2*o = 0, -4 - 2 = -2*o. Suppose s*x + 816 = r*x. What is the tens digit of x?
0
What is the thousands digit of (-3 - -2)/((-160630)/12356 - -13)?
6
Let r be (-3)/((-96)/(-31) - 3). Let n(j) = -26*j + 158. What is the tens digit of n(r)?
6
Suppose 2*p - 4*p - w + 21 = 0, -5*w + 5 = 0. Suppose 875 = 15*d - p*d. Suppose -1505 = -5*v - d. What is the units digit of v?
6
Let x(h) = 4*h**3 - 11*h**2 + 1. Let m be x(3). Suppose -m = i - 12. What is the tens digit of ((-134)/(-6))/((-35)/21 + i)?
6
Let y be -6 + (-845 - -5 - 5). Let z = -417 - y. What is the hundreds digit of z?
4
Suppose -813 = 3*i + 5*j - 8*j, 3*i = -5*j - 789. Let n be 4 + 0 - 7 - i. Suppose 0*d = 5*d - n. What is the tens digit of d?
5
Let y(n) = 8*n**2 + 34*n - 21. Let w be y(-5). Let c(p) = -23 - 21 + 19*p + p**2 + 15 - 9*p. What is the tens digit of c(w)?
4
Suppose -5*r - 40 = -0*r + q, 2*r - 3*q = -16. Let g(n) = 7*n**2 + 7*n. Let s be g(r). Suppose 6*p - s = 46. What is the units digit of p?
3
Suppose -104 = -6*h - 38. Suppose 2907 = h*c - 3319. What is the tens digit of c?
6
Let p be -3*(-48)/81 - 2/(-9). Let f(n) = 3 + p*n + 5*n**2 + 8 + 9 + 2*n. What is the units digit of f(-4)?
4
Let t = 7542 - -4819. What is the thousands digit of t?
2
Let z(n) = 2*n**2 + n - 4. Let v be z(-2). Suppose -v*o = u - 15, u = 2*u + 5*o. What is the units digit of u?
5
Suppose 437*v - 439*v = 2*l - 7698, 0 = 4*l + v - 15390. What is the hundreds digit of l?
8
Let a(y) = 88*y**2 + 735*y + 16. What is the units digit of a(-23)?
3
Let z(j) = -25*j + 55. Let d = 876 + -876. What is the units digit of z(d)?
5
Let v(m) = 598*m**2 + 27*m - 3. Let s be v(1). Suppose 2*x - 282 = 4*f + 448, 9 = 3*f. Let u = s - x. What is the units digit of u?
1
Suppose -4*d - 135 + 26 = y, -y + 4*d - 69 = 0. Let b = -87 - y. Suppose -b*m = -265 - 33. What is the hundreds digit of m?
1
Let a(h) = 2*h**2 - 9*h + 9. Let p be a(7). Let x = p + -40. Suppose 2*j = x*g - 304, g - 76 = -4*j + 2*j. What is the units digit of g?
6
Let k(w) = -1572*w + 1380. What is the tens digit of k(-6)?
1
What is the units digit of (-168)/90 + 2 + (37213/15 - -7)?
8
Let y be 0/((-10)/30*9). Suppose -2*o - 8 = 0, y = -3*h + 3*o + 3674 - 998. What is the tens digit of h?
8
Let w be (-2 - (-1)/3)/((-8)/24). Suppose -4*g + 4*j + 417 = -79